{"id":8323,"date":"2022-09-12T13:02:00","date_gmt":"2022-09-12T13:02:00","guid":{"rendered":"https:\/\/www.onspotstory.com\/?page_id=8323"},"modified":"2023-11-29T12:06:04","modified_gmt":"2023-11-29T12:06:04","slug":"gdpr","status":"publish","type":"page","link":"https:\/\/www.onspotstory.com\/index.php\/gdpr\/","title":{"rendered":"GDPR och datas\u00e4kerhet"},"content":{"rendered":"<p><div class=\"fusion-fullwidth fullwidth-box fusion-builder-row-1 fusion-flex-container has-pattern-background has-mask-background fusion-parallax-none nonhundred-percent-fullwidth non-hundred-percent-height-scrolling\" style=\"--awb-border-radius-top-left:0px;--awb-border-radius-top-right:0px;--awb-border-radius-bottom-right:0px;--awb-border-radius-bottom-left:0px;--awb-padding-top:200px;--awb-padding-bottom:200px;--awb-background-image:url(&quot;https:\/\/www.onspotstory.com\/wp-content\/uploads\/2022\/09\/GDPR1024x279-copy.webp&quot;);--awb-background-size:cover;--awb-flex-wrap:wrap;\" ><div class=\"fusion-builder-row fusion-row fusion-flex-align-items-flex-start fusion-flex-content-wrap\" style=\"max-width:1144px;margin-left: calc(-4% \/ 2 );margin-right: calc(-4% \/ 2 );\"><div class=\"fusion-layout-column fusion_builder_column fusion-builder-column-0 fusion_builder_column_1_1 1_1 fusion-flex-column\" style=\"--awb-bg-size:cover;--awb-width-large:100%;--awb-margin-top-large:0px;--awb-spacing-right-large:1.92%;--awb-margin-bottom-large:20px;--awb-spacing-left-large:1.92%;--awb-width-medium:100%;--awb-spacing-right-medium:1.92%;--awb-spacing-left-medium:1.92%;--awb-width-small:100%;--awb-spacing-right-small:1.92%;--awb-spacing-left-small:1.92%;\"><div class=\"fusion-column-wrapper fusion-column-has-shadow fusion-flex-justify-content-flex-start fusion-content-layout-column\"><\/div><\/div><\/div><\/div><div class=\"fusion-fullwidth fullwidth-box fusion-builder-row-2 fusion-flex-container has-pattern-background has-mask-background nonhundred-percent-fullwidth non-hundred-percent-height-scrolling\" style=\"--awb-border-radius-top-left:0px;--awb-border-radius-top-right:0px;--awb-border-radius-bottom-right:0px;--awb-border-radius-bottom-left:0px;--awb-flex-wrap:wrap;\" ><div class=\"fusion-builder-row fusion-row fusion-flex-align-items-flex-start fusion-flex-content-wrap\" style=\"max-width:1144px;margin-left: calc(-4% \/ 2 );margin-right: calc(-4% \/ 2 );\"><div class=\"fusion-layout-column fusion_builder_column fusion-builder-column-1 fusion_builder_column_1_1 1_1 fusion-flex-column\" style=\"--awb-bg-size:cover;--awb-width-large:100%;--awb-margin-top-large:40px;--awb-spacing-right-large:1.92%;--awb-margin-bottom-large:20px;--awb-spacing-left-large:1.92%;--awb-width-medium:100%;--awb-order-medium:0;--awb-spacing-right-medium:1.92%;--awb-spacing-left-medium:1.92%;--awb-width-small:100%;--awb-order-small:0;--awb-spacing-right-small:1.92%;--awb-spacing-left-small:1.92%;\"><div class=\"fusion-column-wrapper fusion-column-has-shadow fusion-flex-justify-content-flex-start fusion-content-layout-column\"><div class=\"fusion-text fusion-text-1\"><h1>GDPR och datas\u00e4kerhet &#8211; Vilka uppgifter sparar vi och varf\u00f6r?<\/h1>\n<h4>V\u00e5r filosofi \u00e4r att sp\u00e5ra och spara s\u00e5 lite information som m\u00f6jligt. D\u00e4rf\u00f6r lagrar vi ingen personlig information om anv\u00e4ndarna av v\u00e5ra appar. Vi anv\u00e4nder i st\u00f6rsta m\u00f6jliga m\u00e5n Open Source-programvaror och lagrar allt p\u00e5 egna servrar i Sverige f\u00f6r att ha full kontroll \u00f6ver all data.<\/h4>\n<h4>P\u00e5 den h\u00e4r sidan kan du l\u00e4sa mer om hur vi hanterar datas\u00e4kerhet.<\/h4>\n<\/div><\/div><\/div><\/div><\/div><div class=\"fusion-fullwidth fullwidth-box fusion-builder-row-3 fusion-flex-container has-pattern-background has-mask-background nonhundred-percent-fullwidth non-hundred-percent-height-scrolling\" style=\"--awb-border-radius-top-left:0px;--awb-border-radius-top-right:0px;--awb-border-radius-bottom-right:0px;--awb-border-radius-bottom-left:0px;--awb-padding-top:10px;--awb-padding-bottom:0px;--awb-flex-wrap:wrap;\" ><div class=\"fusion-builder-row fusion-row fusion-flex-align-items-flex-start fusion-flex-content-wrap\" style=\"max-width:1144px;margin-left: calc(-4% \/ 2 );margin-right: calc(-4% \/ 2 );\"><div class=\"fusion-layout-column fusion_builder_column fusion-builder-column-2 fusion_builder_column_1_2 1_2 fusion-flex-column\" style=\"--awb-bg-size:cover;--awb-width-large:50%;--awb-margin-top-large:20px;--awb-spacing-right-large:3.84%;--awb-margin-bottom-large:20px;--awb-spacing-left-large:3.84%;--awb-width-medium:100%;--awb-order-medium:0;--awb-spacing-right-medium:1.92%;--awb-spacing-left-medium:1.92%;--awb-width-small:100%;--awb-order-small:0;--awb-spacing-right-small:1.92%;--awb-spacing-left-small:1.92%;\"><div class=\"fusion-column-wrapper fusion-column-has-shadow fusion-flex-justify-content-flex-start fusion-content-layout-column\"><div class=\"fusion-text fusion-text-2\"><h3><strong>Teknisk l\u00f6sning<\/strong><\/h3>\n<p>Alla appar vi utvecklar bygger p\u00e5 samma tekniska princip. Vi publicerar kompilerade appar som kommunicerar s\u00e4kert med en databas p\u00e5 v\u00e5r egen server i Sverige. Denna databas styr funktionen och inneh\u00e5llet i appen. Kunden kan sj\u00e4lv \u00e4ndra inneh\u00e5llet i databasen genom ett CMS (content management system). Vissa inst\u00e4llningar och funktioner styr OnSpotStory. Databasen inneh\u00e5ller ingen information om anv\u00e4ndaren av appen utan endast om inneh\u00e5llet i appen.<\/p>\n<h3><strong>Gps-positionering<\/strong><\/h3>\n<p>V\u00e5ra appar \u00e4r utvecklade f\u00f6r platsber\u00e4ttelser och grunden i apparna \u00e4r en interaktiv karta. Gps \u00e4r inbyggt i appen f\u00f6r att anv\u00e4ndaren ska se sin egen position p\u00e5 kartan och f\u00e5 notiser om platser i n\u00e4rheten. F\u00f6r att f\u00e5 ut det mesta av appen rekommenderas d\u00e4rf\u00f6r anv\u00e4ndarna att till\u00e5ta gps-positionering. Gps-postitionerna \u00e4r ingen information som lagras utan positionen anv\u00e4nds endast lokalt i appen f\u00f6r funktionaliteten att kunna skicka notiser lokalt till anv\u00e4ndaren n\u00e4r hen n\u00e4rmar sig ett stopp.<em> Gps-positioner skickas allts\u00e5 inte till v\u00e5ra servrar.<\/em><\/p>\n<h3><strong>Open Source<\/strong><\/h3>\n<p>Vi har en policy om att mesta m\u00f6jliga m\u00e5n anv\u00e4nda oss av etablerade Open Source programvaror och operativsystem p\u00e5 egna servrar i Sverige. F\u00f6r statistik \u00f6ver hur apparna anv\u00e4nds anv\u00e4nder vi <a href=\"https:\/\/matomo.org\" target=\"_blank\" rel=\"noopener\">Matomo<\/a>. Data lagras p\u00e5 egna servrar i Sverige.<\/p>\n<h3><strong>Hantering av dataskydd<\/strong><\/h3>\n<p>V\u00e5ra appar kr\u00e4ver ingen inloggning av anv\u00e4ndaren. Vi lagrar d\u00e4rf\u00f6r inga personuppgifter som namn, mejl eller liknande.<\/p>\n<p>Den data som registreras \u00e4r hur anv\u00e4ndare anv\u00e4nder appen &#8211; inte vem som anv\u00e4nder appen. Vi anv\u00e4nder inte Google Analytics utan Matomo p\u00e5 egen server. D\u00e5 ett komplett IP-nummer \u00e4r en personlig uppgift registrerar endast de tv\u00e5 f\u00f6rsta positionerna av IP-nummer.<\/p>\n<\/div><\/div><\/div><div class=\"fusion-layout-column fusion_builder_column fusion-builder-column-3 fusion_builder_column_1_2 1_2 fusion-flex-column\" style=\"--awb-bg-size:cover;--awb-width-large:50%;--awb-margin-top-large:20px;--awb-spacing-right-large:3.84%;--awb-margin-bottom-large:20px;--awb-spacing-left-large:3.84%;--awb-width-medium:100%;--awb-order-medium:0;--awb-spacing-right-medium:1.92%;--awb-spacing-left-medium:1.92%;--awb-width-small:100%;--awb-order-small:0;--awb-spacing-right-small:1.92%;--awb-spacing-left-small:1.92%;\"><div class=\"fusion-column-wrapper fusion-column-has-shadow fusion-flex-justify-content-flex-start fusion-content-layout-column\"><div class=\"fusion-text fusion-text-3\"><h3><strong>Personuppgiftsbitr\u00e4de<\/strong><\/h3>\n<p>Vi arbetar med m\u00e5nga kommuner och offentliga organisationer och tecknar personuppgiftsbitr\u00e4desavtal (pub-avtal) med kunden. Som avtalsmall anv\u00e4nder vi Sveriges Kommuner och Regioners Personuppgiftsbitr\u00e4desavtal.<\/p>\n<h3><strong>Underbitr\u00e4de<\/strong><\/h3>\n<p>Ett underbitr\u00e4de \u00e4r den som behandlar personuppgifter f\u00f6r personuppgiftsbitr\u00e4dets r\u00e4knings. Ett personuppgiftsbitr\u00e4de f\u00e5r inte anlita ett underbitr\u00e4de utan att f\u00f6rst ha erh\u00e5llit ett s\u00e4rskilt eller allm\u00e4nt skriftligt f\u00f6rhandstillst\u00e5nd fr\u00e5n den personuppgiftsansvarige.<\/p>\n<p>Vi arbetar inte med n\u00e5gra underbitr\u00e4den.<\/p>\n<h3><strong>GDPR p\u00e5 v\u00e5r hemsida<\/strong><\/h3>\n<p>OnSpotStorys policy \u00e4r att registrera s\u00e5 lite som m\u00f6jligt. D\u00e4rf\u00f6r \u00e4r v\u00e5r hemsida\u00a0Cookie free. Det inneb\u00e4r att v\u00e5r hemsida inte lagrar n\u00e5got Cookies p\u00e5 bes\u00f6karnas dator.<\/p>\n<h3><strong>Cybers\u00e4kerhet <\/strong><\/h3>\n<p>Alla programvaror uppdateras l\u00f6pande. Brandv\u00e4gg till\u00e4mpas. Larmsystem till\u00e4mpas.<\/p>\n<h3><strong>Beh\u00f6righetshantering<\/strong><\/h3>\n<p>Endast anst\u00e4lla p\u00e5 OnSpotStory har tillg\u00e5ng till datormilj\u00f6n. Vi anlitar inga externa konsulter.<\/p>\n<h3><strong>Drift och lagring<\/strong><\/h3>\n<p>All data lagras p\u00e5 egna redundanta servrar i Sverige i s\u00e4kra datahallar. Backup sker dagligen, veckovis, m\u00e5nadsvis till fysiskt externa platser inom Sverige. \u00c4ven Cold Storage till\u00e4mpas.<\/p>\n<h3><strong>Support av l\u00f6sning<\/strong><\/h3>\n<p>Telefonnummer f\u00f6r akut support finns tillg\u00e4nglig dygnet runt. I \u00f6vrigt \u00e4r supporten \u00f6ppen p\u00e5 vardagar mellan kl.09.00 och kl. 17.00 via telefon och epost.<\/p>\n<p>F\u00f6r \u00f6vriga fr\u00e5gor om GDPR och datas\u00e4kerhet:<\/p>\n<p>Ring <a href=\"tel:+46106410551\">010-641 05 51<\/a><\/p>\n<p>Mejla <a href=\"mailto:info@onspotstory.com\">info@onspotstory.com<\/a><\/p>\n<\/div><\/div><\/div><\/div><\/div><div class=\"fusion-fullwidth fullwidth-box fusion-builder-row-4 fusion-flex-container has-pattern-background has-mask-background nonhundred-percent-fullwidth non-hundred-percent-height-scrolling\" style=\"--awb-border-radius-top-left:0px;--awb-border-radius-top-right:0px;--awb-border-radius-bottom-right:0px;--awb-border-radius-bottom-left:0px;--awb-flex-wrap:wrap;\" ><div class=\"fusion-builder-row fusion-row fusion-flex-align-items-flex-start fusion-flex-content-wrap\" style=\"max-width:1144px;margin-left: calc(-4% \/ 2 );margin-right: calc(-4% \/ 2 );\"><div class=\"fusion-layout-column fusion_builder_column fusion-builder-column-4 fusion_builder_column_1_2 1_2 fusion-flex-column\" style=\"--awb-bg-size:cover;--awb-width-large:50%;--awb-margin-top-large:0px;--awb-spacing-right-large:3.84%;--awb-margin-bottom-large:20px;--awb-spacing-left-large:3.84%;--awb-width-medium:100%;--awb-order-medium:0;--awb-spacing-right-medium:1.92%;--awb-spacing-left-medium:1.92%;--awb-width-small:100%;--awb-order-small:0;--awb-spacing-right-small:1.92%;--awb-spacing-left-small:1.92%;\"><div class=\"fusion-column-wrapper fusion-column-has-shadow fusion-flex-justify-content-flex-start fusion-content-layout-column\"><\/div><\/div><div class=\"fusion-layout-column fusion_builder_column fusion-builder-column-5 fusion_builder_column_1_2 1_2 fusion-flex-column\" style=\"--awb-bg-size:cover;--awb-width-large:50%;--awb-margin-top-large:0px;--awb-spacing-right-large:3.84%;--awb-margin-bottom-large:20px;--awb-spacing-left-large:3.84%;--awb-width-medium:100%;--awb-order-medium:0;--awb-spacing-right-medium:1.92%;--awb-spacing-left-medium:1.92%;--awb-width-small:100%;--awb-order-small:0;--awb-spacing-right-small:1.92%;--awb-spacing-left-small:1.92%;\"><div class=\"fusion-column-wrapper fusion-column-has-shadow fusion-flex-justify-content-flex-start fusion-content-layout-column\"><\/div><\/div><\/div><\/div><\/p>\n","protected":false},"excerpt":{"rendered":"","protected":false},"author":1,"featured_media":0,"parent":0,"menu_order":0,"comment_status":"closed","ping_status":"closed","template":"100-width.php","meta":{"footnotes":""},"class_list":["post-8323","page","type-page","status-publish","hentry"],"yoast_head":"<!-- This site is optimized with the Yoast SEO plugin v24.6 - https:\/\/yoast.com\/wordpress\/plugins\/seo\/ -->\n<title>GDPR och datas\u00e4kerhet | OnSpotStory<\/title>\n<meta name=\"description\" content=\"V\u00e5ra appar registrerar inga personliga uppgifter om anv\u00e4ndarna. Vi lagrar all data p\u00e5 egna servrar i Sverige. L\u00e4s mer om v\u00e5r datas\u00e4kerhet.\" \/>\n<meta name=\"robots\" content=\"index, follow, max-snippet:-1, max-image-preview:large, max-video-preview:-1\" \/>\n<link rel=\"canonical\" href=\"https:\/\/www.onspotstory.com\/index.php\/gdpr\/\" \/>\n<meta property=\"og:locale\" content=\"sv_SE\" \/>\n<meta property=\"og:type\" content=\"article\" \/>\n<meta property=\"og:title\" content=\"GDPR och datas\u00e4kerhet | OnSpotStory\" \/>\n<meta property=\"og:description\" content=\"V\u00e5ra appar registrerar inga personliga uppgifter om anv\u00e4ndarna. Vi lagrar all data p\u00e5 egna servrar i Sverige. L\u00e4s mer om v\u00e5r datas\u00e4kerhet.\" \/>\n<meta property=\"og:url\" content=\"https:\/\/www.onspotstory.com\/index.php\/gdpr\/\" \/>\n<meta property=\"og:site_name\" content=\"OnSpotStory\" \/>\n<meta property=\"article:publisher\" content=\"https:\/\/www.facebook.com\/OnSpotStoryEurope\/\" \/>\n<meta property=\"article:modified_time\" content=\"2023-11-29T12:06:04+00:00\" \/>\n<meta name=\"twitter:card\" content=\"summary_large_image\" \/>\n<meta name=\"twitter:label1\" content=\"Ber\u00e4knad l\u00e4stid\" \/>\n\t<meta name=\"twitter:data1\" content=\"10 minuter\" \/>\n<script type=\"application\/ld+json\" class=\"yoast-schema-graph\">{\"@context\":\"https:\/\/schema.org\",\"@graph\":[{\"@type\":\"WebPage\",\"@id\":\"https:\/\/www.onspotstory.com\/index.php\/gdpr\/\",\"url\":\"https:\/\/www.onspotstory.com\/index.php\/gdpr\/\",\"name\":\"GDPR och datas\u00e4kerhet | OnSpotStory\",\"isPartOf\":{\"@id\":\"https:\/\/www.onspotstory.com\/#website\"},\"datePublished\":\"2022-09-12T13:02:00+00:00\",\"dateModified\":\"2023-11-29T12:06:04+00:00\",\"description\":\"V\u00e5ra appar registrerar inga personliga uppgifter om anv\u00e4ndarna. Vi lagrar all data p\u00e5 egna servrar i Sverige. L\u00e4s mer om v\u00e5r datas\u00e4kerhet.\",\"breadcrumb\":{\"@id\":\"https:\/\/www.onspotstory.com\/index.php\/gdpr\/#breadcrumb\"},\"inLanguage\":\"sv-SE\",\"potentialAction\":[{\"@type\":\"ReadAction\",\"target\":[\"https:\/\/www.onspotstory.com\/index.php\/gdpr\/\"]}]},{\"@type\":\"BreadcrumbList\",\"@id\":\"https:\/\/www.onspotstory.com\/index.php\/gdpr\/#breadcrumb\",\"itemListElement\":[{\"@type\":\"ListItem\",\"position\":1,\"name\":\"Hem\",\"item\":\"https:\/\/www.onspotstory.com\/\"},{\"@type\":\"ListItem\",\"position\":2,\"name\":\"GDPR och datas\u00e4kerhet\"}]},{\"@type\":\"WebSite\",\"@id\":\"https:\/\/www.onspotstory.com\/#website\",\"url\":\"https:\/\/www.onspotstory.com\/\",\"name\":\"OnSpotStory\",\"description\":\"Vi utvecklar appar f\u00f6r kommuner, museer och bes\u00f6ksm\u00e5l\",\"publisher\":{\"@id\":\"https:\/\/www.onspotstory.com\/#organization\"},\"potentialAction\":[{\"@type\":\"SearchAction\",\"target\":{\"@type\":\"EntryPoint\",\"urlTemplate\":\"https:\/\/www.onspotstory.com\/?s={search_term_string}\"},\"query-input\":{\"@type\":\"PropertyValueSpecification\",\"valueRequired\":true,\"valueName\":\"search_term_string\"}}],\"inLanguage\":\"sv-SE\"},{\"@type\":\"Organization\",\"@id\":\"https:\/\/www.onspotstory.com\/#organization\",\"name\":\"OnSpotStory\",\"url\":\"https:\/\/www.onspotstory.com\/\",\"logo\":{\"@type\":\"ImageObject\",\"inLanguage\":\"sv-SE\",\"@id\":\"https:\/\/www.onspotstory.com\/#\/schema\/logo\/image\/\",\"url\":\"https:\/\/www.onspotstory.com\/wp-content\/uploads\/2022\/09\/OSMS_logga_utanmost-1.png\",\"contentUrl\":\"https:\/\/www.onspotstory.com\/wp-content\/uploads\/2022\/09\/OSMS_logga_utanmost-1.png\",\"width\":250,\"height\":60,\"caption\":\"OnSpotStory\"},\"image\":{\"@id\":\"https:\/\/www.onspotstory.com\/#\/schema\/logo\/image\/\"},\"sameAs\":[\"https:\/\/www.facebook.com\/OnSpotStoryEurope\/\",\"https:\/\/www.instagram.com\/onspotstory_europe\/\",\"https:\/\/www.linkedin.com\/in\/staffangerlow\/\",\"https:\/\/www.youtube.com\/user\/OnSpotStory\"]}]}<\/script>\n<!-- \/ Yoast SEO plugin. -->","yoast_head_json":{"title":"GDPR och datas\u00e4kerhet | OnSpotStory","description":"V\u00e5ra appar registrerar inga personliga uppgifter om anv\u00e4ndarna. Vi lagrar all data p\u00e5 egna servrar i Sverige. L\u00e4s mer om v\u00e5r datas\u00e4kerhet.","robots":{"index":"index","follow":"follow","max-snippet":"max-snippet:-1","max-image-preview":"max-image-preview:large","max-video-preview":"max-video-preview:-1"},"canonical":"https:\/\/www.onspotstory.com\/index.php\/gdpr\/","og_locale":"sv_SE","og_type":"article","og_title":"GDPR och datas\u00e4kerhet | OnSpotStory","og_description":"V\u00e5ra appar registrerar inga personliga uppgifter om anv\u00e4ndarna. Vi lagrar all data p\u00e5 egna servrar i Sverige. L\u00e4s mer om v\u00e5r datas\u00e4kerhet.","og_url":"https:\/\/www.onspotstory.com\/index.php\/gdpr\/","og_site_name":"OnSpotStory","article_publisher":"https:\/\/www.facebook.com\/OnSpotStoryEurope\/","article_modified_time":"2023-11-29T12:06:04+00:00","twitter_card":"summary_large_image","twitter_misc":{"Ber\u00e4knad l\u00e4stid":"10 minuter"},"schema":{"@context":"https:\/\/schema.org","@graph":[{"@type":"WebPage","@id":"https:\/\/www.onspotstory.com\/index.php\/gdpr\/","url":"https:\/\/www.onspotstory.com\/index.php\/gdpr\/","name":"GDPR och datas\u00e4kerhet | OnSpotStory","isPartOf":{"@id":"https:\/\/www.onspotstory.com\/#website"},"datePublished":"2022-09-12T13:02:00+00:00","dateModified":"2023-11-29T12:06:04+00:00","description":"V\u00e5ra appar registrerar inga personliga uppgifter om anv\u00e4ndarna. Vi lagrar all data p\u00e5 egna servrar i Sverige. L\u00e4s mer om v\u00e5r datas\u00e4kerhet.","breadcrumb":{"@id":"https:\/\/www.onspotstory.com\/index.php\/gdpr\/#breadcrumb"},"inLanguage":"sv-SE","potentialAction":[{"@type":"ReadAction","target":["https:\/\/www.onspotstory.com\/index.php\/gdpr\/"]}]},{"@type":"BreadcrumbList","@id":"https:\/\/www.onspotstory.com\/index.php\/gdpr\/#breadcrumb","itemListElement":[{"@type":"ListItem","position":1,"name":"Hem","item":"https:\/\/www.onspotstory.com\/"},{"@type":"ListItem","position":2,"name":"GDPR och datas\u00e4kerhet"}]},{"@type":"WebSite","@id":"https:\/\/www.onspotstory.com\/#website","url":"https:\/\/www.onspotstory.com\/","name":"OnSpotStory","description":"Vi utvecklar appar f\u00f6r kommuner, museer och bes\u00f6ksm\u00e5l","publisher":{"@id":"https:\/\/www.onspotstory.com\/#organization"},"potentialAction":[{"@type":"SearchAction","target":{"@type":"EntryPoint","urlTemplate":"https:\/\/www.onspotstory.com\/?s={search_term_string}"},"query-input":{"@type":"PropertyValueSpecification","valueRequired":true,"valueName":"search_term_string"}}],"inLanguage":"sv-SE"},{"@type":"Organization","@id":"https:\/\/www.onspotstory.com\/#organization","name":"OnSpotStory","url":"https:\/\/www.onspotstory.com\/","logo":{"@type":"ImageObject","inLanguage":"sv-SE","@id":"https:\/\/www.onspotstory.com\/#\/schema\/logo\/image\/","url":"https:\/\/www.onspotstory.com\/wp-content\/uploads\/2022\/09\/OSMS_logga_utanmost-1.png","contentUrl":"https:\/\/www.onspotstory.com\/wp-content\/uploads\/2022\/09\/OSMS_logga_utanmost-1.png","width":250,"height":60,"caption":"OnSpotStory"},"image":{"@id":"https:\/\/www.onspotstory.com\/#\/schema\/logo\/image\/"},"sameAs":["https:\/\/www.facebook.com\/OnSpotStoryEurope\/","https:\/\/www.instagram.com\/onspotstory_europe\/","https:\/\/www.linkedin.com\/in\/staffangerlow\/","https:\/\/www.youtube.com\/user\/OnSpotStory"]}]}},"_links":{"self":[{"href":"https:\/\/www.onspotstory.com\/index.php\/wp-json\/wp\/v2\/pages\/8323","targetHints":{"allow":["GET"]}}],"collection":[{"href":"https:\/\/www.onspotstory.com\/index.php\/wp-json\/wp\/v2\/pages"}],"about":[{"href":"https:\/\/www.onspotstory.com\/index.php\/wp-json\/wp\/v2\/types\/page"}],"author":[{"embeddable":true,"href":"https:\/\/www.onspotstory.com\/index.php\/wp-json\/wp\/v2\/users\/1"}],"replies":[{"embeddable":true,"href":"https:\/\/www.onspotstory.com\/index.php\/wp-json\/wp\/v2\/comments?post=8323"}],"version-history":[{"count":66,"href":"https:\/\/www.onspotstory.com\/index.php\/wp-json\/wp\/v2\/pages\/8323\/revisions"}],"predecessor-version":[{"id":10860,"href":"https:\/\/www.onspotstory.com\/index.php\/wp-json\/wp\/v2\/pages\/8323\/revisions\/10860"}],"wp:attachment":[{"href":"https:\/\/www.onspotstory.com\/index.php\/wp-json\/wp\/v2\/media?parent=8323"}],"curies":[{"name":"wp","href":"https:\/\/api.w.org\/{rel}","templated":true}]}}