{"id":8182,"date":"2022-09-07T14:04:25","date_gmt":"2022-09-07T14:04:25","guid":{"rendered":"https:\/\/www.onspotstory.com\/?page_id=8182"},"modified":"2022-11-25T13:01:20","modified_gmt":"2022-11-25T13:01:20","slug":"tillganglighets","status":"publish","type":"page","link":"https:\/\/www.onspotstory.com\/index.php\/tillganglighets\/","title":{"rendered":"Tillg\u00e4nglighet"},"content":{"rendered":"<p><div id=\"ipod\" class=\"fusion-container-anchor\"><div class=\"fusion-fullwidth fullwidth-box fusion-builder-row-1 nonhundred-percent-fullwidth non-hundred-percent-height-scrolling fusion-equal-height-columns\" style=\"--awb-border-radius-top-left:0px;--awb-border-radius-top-right:0px;--awb-border-radius-bottom-right:0px;--awb-border-radius-bottom-left:0px;--awb-padding-top:60px;--awb-padding-bottom:20px;--awb-background-color:rgba(255,152,0,0.09);--awb-flex-wrap:wrap;\" ><div class=\"fusion-builder-row fusion-row\"><div class=\"fusion-layout-column fusion_builder_column fusion-builder-column-0 fusion_builder_column_1_3 1_3 fusion-one-third fusion-column-first\" style=\"--awb-bg-size:cover;width:33.333333333333%;width:calc(33.333333333333% - ( ( 4% ) * 0.33333333333333 ) );margin-right: 4%;\"><div class=\"fusion-column-wrapper fusion-column-has-shadow fusion-flex-column-wrapper-legacy\"><div class=\"fusion-column-content-centered\"><div class=\"fusion-column-content\"><div class=\"fusion-image-element in-legacy-container\" style=\"--awb-caption-title-font-family:var(--h2_typography-font-family);--awb-caption-title-font-weight:var(--h2_typography-font-weight);--awb-caption-title-font-style:var(--h2_typography-font-style);--awb-caption-title-size:var(--h2_typography-font-size);--awb-caption-title-transform:var(--h2_typography-text-transform);--awb-caption-title-line-height:var(--h2_typography-line-height);--awb-caption-title-letter-spacing:var(--h2_typography-letter-spacing);\"><span class=\" fusion-imageframe imageframe-none imageframe-1 hover-type-none\"><img decoding=\"async\" width=\"1774\" height=\"2976\" title=\"tillga\u0308nglighetiappenHISTORISKA\" src=\"https:\/\/www.onspotstory.com\/wp-content\/uploads\/2022\/09\/tillga\u0308nglighetiappenHISTORISKA.png\" alt class=\"img-responsive wp-image-8186\" srcset=\"https:\/\/www.onspotstory.com\/wp-content\/uploads\/2022\/09\/tillga\u0308nglighetiappenHISTORISKA-200x336.png 200w, https:\/\/www.onspotstory.com\/wp-content\/uploads\/2022\/09\/tillga\u0308nglighetiappenHISTORISKA-400x671.png 400w, https:\/\/www.onspotstory.com\/wp-content\/uploads\/2022\/09\/tillga\u0308nglighetiappenHISTORISKA-600x1007.png 600w, https:\/\/www.onspotstory.com\/wp-content\/uploads\/2022\/09\/tillga\u0308nglighetiappenHISTORISKA-800x1342.png 800w, https:\/\/www.onspotstory.com\/wp-content\/uploads\/2022\/09\/tillga\u0308nglighetiappenHISTORISKA-1200x2013.png 1200w, https:\/\/www.onspotstory.com\/wp-content\/uploads\/2022\/09\/tillga\u0308nglighetiappenHISTORISKA.png 1774w\" sizes=\"(max-width: 800px) 100vw, 400px\" \/><\/span><\/div><\/div><\/div><div class=\"fusion-clearfix\"><\/div><\/div><\/div><div class=\"fusion-layout-column fusion_builder_column fusion-builder-column-1 fusion_builder_column_2_3 2_3 fusion-two-third fusion-column-last\" style=\"--awb-padding-top:10px;--awb-padding-right:20px;--awb-padding-bottom:10px;--awb-padding-left:10px;--awb-bg-size:cover;width:66.666666666667%;width:calc(66.666666666667% - ( ( 4% ) * 0.66666666666667 ) );\"><div class=\"fusion-column-wrapper fusion-column-has-shadow fusion-flex-column-wrapper-legacy\"><div class=\"fusion-column-content-centered\"><div class=\"fusion-column-content\"><div class=\"fusion-text fusion-text-1\"><h3><span style=\"color: #ff9900;\"><code><i class=\"fa fa-users fa-1x orange \"><\/i><\/code><strong> TILLG\u00c4NGLIGHET<\/strong><\/span><\/h3>\n<\/div><div class=\"fusion-text fusion-text-2\"><h2>G\u00f6r platsens ber\u00e4ttelser tillg\u00e4ngliga f\u00f6r alla<\/h2>\n<p>En app a\u0308r ett utma\u0308rkt verktyg fo\u0308r att go\u0308ra information och platsens bera\u0308ttelser tillga\u0308ngliga fo\u0308r ma\u030anga. Men alla har inte samma fo\u0308rutsa\u0308ttningar att ta del av<br \/>\ntexter, ljud, bilder och sa\u030a vidare. Genom att anpassa inneha\u030allet; texta filmer, go\u0308ra teckentolkade filmer som i exemplet fr\u00e5n Historiska museet p\u00e5 bilden till v\u00e4nster, erbjuda ba\u030ade ljud och text, skriva klarspra\u030ak och se till att ha tillr\u00e4cklig kontrast kommer ni l\u00e5ngt.<\/p>\n<p>Men a\u0308ven sja\u0308lva appen ma\u030aste vara anpassad till olika funktionsvariationer. Och det a\u0308r va\u030art ansvar. Vi fo\u0308ljer <a href=\"https:\/\/webbriktlinjer.se\">riktlinjerna<\/a> fo\u0308r offentlig sektor och arbetar sta\u0308ndigt pa\u030a att go\u0308ra appen ba\u0308ttre &#8211; fo\u0308r alla.<\/p>\n<p><code><i class=\"fa fa-check fa-1x orange\"><\/i><\/code>\u00a0Appen a\u0308r kompatibel med telefonens ska\u0308rmla\u0308sare.<\/p>\n<p><code><i class=\"fa fa-check fa-1x orange\"><\/i><\/code>\u00a0Alla bilder kan ha ett text alternativ (Alt-text) som la\u0308ses upp. Bilder med enbart dekorativ funktion kan tystas.<\/p>\n<p><code><i class=\"fa fa-check fa-1x orange\"><\/i><\/code>\u00a0Filmer kan ha flera varianter av undertexter som anva\u0308ndaren kan va\u0308lja mellan.<\/p>\n<p><code><i class=\"fa fa-check fa-1x orange\"><\/i><\/code>\u00a0Mo\u0308jlighet att enkelt fo\u0308rstora texter.<\/p>\n<\/div><div class=\"fusion-sep-clear\"><\/div><div class=\"fusion-separator fusion-full-width-sep\" style=\"margin-left: auto;margin-right: auto;margin-top:10px;width:100%;\"><\/div><div class=\"fusion-sep-clear\"><\/div><div class=\"fusion-button-wrapper\"><a class=\"fusion-button button-flat fusion-button-default-size button-default fusion-button-default button-1 fusion-button-default-span fusion-button-default-type\" target=\"_self\" href=\"https:\/\/www.onspotstory.com\/index.php\/boka-demo-2\/\"><span class=\"fusion-button-text\">BOKA EN DEMO<\/span><\/a><\/div><\/div><\/div><div class=\"fusion-clearfix\"><\/div><\/div><\/div><\/div><\/div><\/div><div class=\"fusion-fullwidth fullwidth-box fusion-builder-row-2 has-pattern-background has-mask-background nonhundred-percent-fullwidth non-hundred-percent-height-scrolling fusion-equal-height-columns\" style=\"--awb-border-radius-top-left:0px;--awb-border-radius-top-right:0px;--awb-border-radius-bottom-right:0px;--awb-border-radius-bottom-left:0px;--awb-margin-top:50px;--awb-flex-wrap:wrap;\" ><div class=\"fusion-builder-row fusion-row\"><div class=\"fusion-layout-column fusion_builder_column fusion-builder-column-2 fusion_builder_column_1_3 1_3 fusion-one-third fusion-column-first\" style=\"--awb-bg-size:cover;width:33.333333333333%;width:calc(33.333333333333% - ( ( 4% ) * 0.33333333333333 ) );margin-right: 4%;\"><div class=\"fusion-column-wrapper fusion-column-has-shadow fusion-flex-column-wrapper-legacy\"><div class=\"fusion-column-content-centered\"><div class=\"fusion-column-content\"><div class=\"fusion-image-element in-legacy-container\" style=\"--awb-caption-title-font-family:var(--h2_typography-font-family);--awb-caption-title-font-weight:var(--h2_typography-font-weight);--awb-caption-title-font-style:var(--h2_typography-font-style);--awb-caption-title-size:var(--h2_typography-font-size);--awb-caption-title-transform:var(--h2_typography-text-transform);--awb-caption-title-line-height:var(--h2_typography-line-height);--awb-caption-title-letter-spacing:var(--h2_typography-letter-spacing);\"><span class=\" fusion-imageframe imageframe-none imageframe-2 hover-type-none\"><img decoding=\"async\" width=\"545\" height=\"283\" title=\"a11y-explained copy\" src=\"https:\/\/www.onspotstory.com\/wp-content\/uploads\/2022\/09\/a11y-explained-copy.webp\" alt class=\"img-responsive wp-image-8489\" srcset=\"https:\/\/www.onspotstory.com\/wp-content\/uploads\/2022\/09\/a11y-explained-copy-200x104.webp 200w, https:\/\/www.onspotstory.com\/wp-content\/uploads\/2022\/09\/a11y-explained-copy-300x156.webp 300w, https:\/\/www.onspotstory.com\/wp-content\/uploads\/2022\/09\/a11y-explained-copy-400x208.webp 400w, https:\/\/www.onspotstory.com\/wp-content\/uploads\/2022\/09\/a11y-explained-copy.webp 545w\" sizes=\"(max-width: 800px) 100vw, 400px\" \/><\/span><\/div><\/div><\/div><div class=\"fusion-clearfix\"><\/div><\/div><\/div><div class=\"fusion-layout-column fusion_builder_column fusion-builder-column-3 fusion_builder_column_2_3 2_3 fusion-two-third fusion-column-last\" style=\"--awb-bg-size:cover;width:66.666666666667%;width:calc(66.666666666667% - ( ( 4% ) * 0.66666666666667 ) );\"><div class=\"fusion-column-wrapper fusion-column-has-shadow fusion-flex-column-wrapper-legacy\"><div class=\"fusion-column-content-centered\"><div class=\"fusion-column-content\"><div class=\"fusion-text fusion-text-3\"><h1>Vad \u00e4r a11y?<\/h1>\n<p>&#8221;a11y&#8221; st\u00e5r f\u00f6r accessibility. Det \u00e4r en numeronym d\u00e4r <strong>11<\/strong> representerar antalet bokst\u00e4ver mellan <strong>&#8221;a&#8221;<\/strong> och <strong>&#8221;y&#8221;<\/strong> i ordet <em>accessibility<\/em>.<\/p>\n<p>Ordet accessibility eller tillg\u00e4nglighet p\u00e5 svenska kan betyda olika saker i olika sammanhang. P\u00e5 internet anv\u00e4nds <strong>a11y<\/strong> f\u00f6r att identifiera inneh\u00e5ll som \u00e4r relaterat till digitial tillg\u00e4nglighet.<\/p>\n<\/div><\/div><\/div><div class=\"fusion-clearfix\"><\/div><\/div><\/div><\/div><\/div><div class=\"fusion-fullwidth fullwidth-box fusion-builder-row-3 has-pattern-background has-mask-background nonhundred-percent-fullwidth non-hundred-percent-height-scrolling\" style=\"--awb-border-radius-top-left:0px;--awb-border-radius-top-right:0px;--awb-border-radius-bottom-right:0px;--awb-border-radius-bottom-left:0px;--awb-padding-top:50px;--awb-padding-right:30px;--awb-padding-bottom:50px;--awb-padding-left:30px;--awb-margin-top:0px;--awb-margin-bottom:0px;--awb-background-color:#fff2e5;--awb-flex-wrap:wrap;\" ><div class=\"fusion-builder-row fusion-row\"><div class=\"fusion-layout-column fusion_builder_column fusion-builder-column-4 fusion_builder_column_1_2 1_2 fusion-one-half fusion-column-first\" style=\"--awb-bg-size:cover;width:50%;width:calc(50% - ( ( 4% ) * 0.5 ) );margin-right: 4%;\"><div class=\"fusion-column-wrapper fusion-column-has-shadow fusion-flex-column-wrapper-legacy\"><div class=\"fusion-text fusion-text-4\"><h2 class=\"fusion-responsive-typography-calculated\" data-fontsize=\"18\" data-lineheight=\"27px\">S\u00e5 skapar du digitala guider som engagerar<\/h2>\n<p>Vill du ha tips p\u00e5 hur du skriver guider som b\u00e5de engagerar och \u00e4r inkluderande? D\u00e5 \u00e4r inspelningen fr\u00e5n Sofie bergkvists webbinarie n\u00e5got f\u00f6r dig!<\/p>\n<p>Sofie Bergkvist driver\u00a0<a href=\"https:\/\/www.ordochtext.se\/\" target=\"_blank\" rel=\"noopener noreferrer\"><strong>Bergkvist ORD &amp; TEXT<\/strong><\/a> och \u00e4r proffs p\u00e5 utst\u00e4llningstext och guidemanus. Sofie f\u00f6rel\u00e4ser om hur dramaturgi kan bidra till upplevelsen, vad som g\u00f6r ett bra inneh\u00e5ll och om tillg\u00e4ngliga manus.<\/p>\n<\/div><div class=\"fusion-clearfix\"><\/div><\/div><\/div><div class=\"fusion-layout-column fusion_builder_column fusion-builder-column-5 fusion_builder_column_1_2 1_2 fusion-one-half fusion-column-last\" style=\"--awb-padding-top:50px;--awb-padding-right:50px;--awb-bg-size:cover;width:50%;width:calc(50% - ( ( 4% ) * 0.5 ) );\"><div class=\"fusion-column-wrapper fusion-column-has-shadow fusion-flex-column-wrapper-legacy\"><div style=\"padding-bottom: 47%\" class=\"youtube-responsive-container\"><iframe width=\"570\" height=\"297\" src=\"https:\/\/www.youtube-nocookie.com\/embed\/9LhI3gzUYNg\" frameborder=\"0\" allow=\"accelerometer; autoplay; encrypted-media; gyroscope; picture-in-picture\" allowfullscreen><\/iframe><\/div>\n<div class=\"fusion-sep-clear\"><\/div><div class=\"fusion-separator fusion-full-width-sep\" style=\"margin-left: auto;margin-right: auto;margin-top:10px;width:100%;\"><\/div><div class=\"fusion-sep-clear\"><\/div><div class=\"fusion-text fusion-text-5\"><p><em>S\u00e5 skapar du digitala guider som engagerar.<\/em><\/p>\n<\/div><div class=\"fusion-clearfix\"><\/div><\/div><\/div><\/div><\/div><\/p>\n","protected":false},"excerpt":{"rendered":"","protected":false},"author":1,"featured_media":0,"parent":0,"menu_order":0,"comment_status":"closed","ping_status":"closed","template":"100-width.php","meta":{"footnotes":""},"class_list":["post-8182","page","type-page","status-publish","hentry"],"yoast_head":"<!-- This site is optimized with the Yoast SEO plugin v24.6 - https:\/\/yoast.com\/wordpress\/plugins\/seo\/ -->\n<title>Tillg\u00e4nglighet | OnSpotStory<\/title>\n<meta name=\"description\" content=\"V\u00e5ra appar \u00e4r tillg\u00e4nglighetsanpassade. Kompatibla med sk\u00e4rmuppl\u00e4sning. M\u00f6jligheter till undertexter, teckentolkning m.m.\" \/>\n<meta name=\"robots\" content=\"index, follow, max-snippet:-1, max-image-preview:large, max-video-preview:-1\" \/>\n<link rel=\"canonical\" href=\"https:\/\/www.onspotstory.com\/index.php\/tillganglighets\/\" \/>\n<meta property=\"og:locale\" content=\"sv_SE\" \/>\n<meta property=\"og:type\" content=\"article\" \/>\n<meta property=\"og:title\" content=\"Tillg\u00e4nglighet | OnSpotStory\" \/>\n<meta property=\"og:description\" content=\"V\u00e5ra appar \u00e4r tillg\u00e4nglighetsanpassade. Kompatibla med sk\u00e4rmuppl\u00e4sning. M\u00f6jligheter till undertexter, teckentolkning m.m.\" \/>\n<meta property=\"og:url\" content=\"https:\/\/www.onspotstory.com\/index.php\/tillganglighets\/\" \/>\n<meta property=\"og:site_name\" content=\"OnSpotStory\" \/>\n<meta property=\"article:publisher\" content=\"https:\/\/www.facebook.com\/OnSpotStoryEurope\/\" \/>\n<meta property=\"article:modified_time\" content=\"2022-11-25T13:01:20+00:00\" \/>\n<meta name=\"twitter:card\" content=\"summary_large_image\" \/>\n<meta name=\"twitter:label1\" content=\"Ber\u00e4knad l\u00e4stid\" \/>\n\t<meta name=\"twitter:data1\" content=\"9 minuter\" \/>\n<script type=\"application\/ld+json\" class=\"yoast-schema-graph\">{\"@context\":\"https:\/\/schema.org\",\"@graph\":[{\"@type\":\"WebPage\",\"@id\":\"https:\/\/www.onspotstory.com\/index.php\/tillganglighets\/\",\"url\":\"https:\/\/www.onspotstory.com\/index.php\/tillganglighets\/\",\"name\":\"Tillg\u00e4nglighet | OnSpotStory\",\"isPartOf\":{\"@id\":\"https:\/\/www.onspotstory.com\/#website\"},\"datePublished\":\"2022-09-07T14:04:25+00:00\",\"dateModified\":\"2022-11-25T13:01:20+00:00\",\"description\":\"V\u00e5ra appar \u00e4r tillg\u00e4nglighetsanpassade. Kompatibla med sk\u00e4rmuppl\u00e4sning. M\u00f6jligheter till undertexter, teckentolkning m.m.\",\"breadcrumb\":{\"@id\":\"https:\/\/www.onspotstory.com\/index.php\/tillganglighets\/#breadcrumb\"},\"inLanguage\":\"sv-SE\",\"potentialAction\":[{\"@type\":\"ReadAction\",\"target\":[\"https:\/\/www.onspotstory.com\/index.php\/tillganglighets\/\"]}]},{\"@type\":\"BreadcrumbList\",\"@id\":\"https:\/\/www.onspotstory.com\/index.php\/tillganglighets\/#breadcrumb\",\"itemListElement\":[{\"@type\":\"ListItem\",\"position\":1,\"name\":\"Hem\",\"item\":\"https:\/\/www.onspotstory.com\/\"},{\"@type\":\"ListItem\",\"position\":2,\"name\":\"Tillg\u00e4nglighet\"}]},{\"@type\":\"WebSite\",\"@id\":\"https:\/\/www.onspotstory.com\/#website\",\"url\":\"https:\/\/www.onspotstory.com\/\",\"name\":\"OnSpotStory\",\"description\":\"Vi utvecklar appar f\u00f6r kommuner, museer och bes\u00f6ksm\u00e5l\",\"publisher\":{\"@id\":\"https:\/\/www.onspotstory.com\/#organization\"},\"potentialAction\":[{\"@type\":\"SearchAction\",\"target\":{\"@type\":\"EntryPoint\",\"urlTemplate\":\"https:\/\/www.onspotstory.com\/?s={search_term_string}\"},\"query-input\":{\"@type\":\"PropertyValueSpecification\",\"valueRequired\":true,\"valueName\":\"search_term_string\"}}],\"inLanguage\":\"sv-SE\"},{\"@type\":\"Organization\",\"@id\":\"https:\/\/www.onspotstory.com\/#organization\",\"name\":\"OnSpotStory\",\"url\":\"https:\/\/www.onspotstory.com\/\",\"logo\":{\"@type\":\"ImageObject\",\"inLanguage\":\"sv-SE\",\"@id\":\"https:\/\/www.onspotstory.com\/#\/schema\/logo\/image\/\",\"url\":\"https:\/\/www.onspotstory.com\/wp-content\/uploads\/2022\/09\/OSMS_logga_utanmost-1.png\",\"contentUrl\":\"https:\/\/www.onspotstory.com\/wp-content\/uploads\/2022\/09\/OSMS_logga_utanmost-1.png\",\"width\":250,\"height\":60,\"caption\":\"OnSpotStory\"},\"image\":{\"@id\":\"https:\/\/www.onspotstory.com\/#\/schema\/logo\/image\/\"},\"sameAs\":[\"https:\/\/www.facebook.com\/OnSpotStoryEurope\/\",\"https:\/\/www.instagram.com\/onspotstory_europe\/\",\"https:\/\/www.linkedin.com\/in\/staffangerlow\/\",\"https:\/\/www.youtube.com\/user\/OnSpotStory\"]}]}<\/script>\n<!-- \/ Yoast SEO plugin. -->","yoast_head_json":{"title":"Tillg\u00e4nglighet | OnSpotStory","description":"V\u00e5ra appar \u00e4r tillg\u00e4nglighetsanpassade. Kompatibla med sk\u00e4rmuppl\u00e4sning. M\u00f6jligheter till undertexter, teckentolkning m.m.","robots":{"index":"index","follow":"follow","max-snippet":"max-snippet:-1","max-image-preview":"max-image-preview:large","max-video-preview":"max-video-preview:-1"},"canonical":"https:\/\/www.onspotstory.com\/index.php\/tillganglighets\/","og_locale":"sv_SE","og_type":"article","og_title":"Tillg\u00e4nglighet | OnSpotStory","og_description":"V\u00e5ra appar \u00e4r tillg\u00e4nglighetsanpassade. Kompatibla med sk\u00e4rmuppl\u00e4sning. M\u00f6jligheter till undertexter, teckentolkning m.m.","og_url":"https:\/\/www.onspotstory.com\/index.php\/tillganglighets\/","og_site_name":"OnSpotStory","article_publisher":"https:\/\/www.facebook.com\/OnSpotStoryEurope\/","article_modified_time":"2022-11-25T13:01:20+00:00","twitter_card":"summary_large_image","twitter_misc":{"Ber\u00e4knad l\u00e4stid":"9 minuter"},"schema":{"@context":"https:\/\/schema.org","@graph":[{"@type":"WebPage","@id":"https:\/\/www.onspotstory.com\/index.php\/tillganglighets\/","url":"https:\/\/www.onspotstory.com\/index.php\/tillganglighets\/","name":"Tillg\u00e4nglighet | OnSpotStory","isPartOf":{"@id":"https:\/\/www.onspotstory.com\/#website"},"datePublished":"2022-09-07T14:04:25+00:00","dateModified":"2022-11-25T13:01:20+00:00","description":"V\u00e5ra appar \u00e4r tillg\u00e4nglighetsanpassade. Kompatibla med sk\u00e4rmuppl\u00e4sning. M\u00f6jligheter till undertexter, teckentolkning m.m.","breadcrumb":{"@id":"https:\/\/www.onspotstory.com\/index.php\/tillganglighets\/#breadcrumb"},"inLanguage":"sv-SE","potentialAction":[{"@type":"ReadAction","target":["https:\/\/www.onspotstory.com\/index.php\/tillganglighets\/"]}]},{"@type":"BreadcrumbList","@id":"https:\/\/www.onspotstory.com\/index.php\/tillganglighets\/#breadcrumb","itemListElement":[{"@type":"ListItem","position":1,"name":"Hem","item":"https:\/\/www.onspotstory.com\/"},{"@type":"ListItem","position":2,"name":"Tillg\u00e4nglighet"}]},{"@type":"WebSite","@id":"https:\/\/www.onspotstory.com\/#website","url":"https:\/\/www.onspotstory.com\/","name":"OnSpotStory","description":"Vi utvecklar appar f\u00f6r kommuner, museer och bes\u00f6ksm\u00e5l","publisher":{"@id":"https:\/\/www.onspotstory.com\/#organization"},"potentialAction":[{"@type":"SearchAction","target":{"@type":"EntryPoint","urlTemplate":"https:\/\/www.onspotstory.com\/?s={search_term_string}"},"query-input":{"@type":"PropertyValueSpecification","valueRequired":true,"valueName":"search_term_string"}}],"inLanguage":"sv-SE"},{"@type":"Organization","@id":"https:\/\/www.onspotstory.com\/#organization","name":"OnSpotStory","url":"https:\/\/www.onspotstory.com\/","logo":{"@type":"ImageObject","inLanguage":"sv-SE","@id":"https:\/\/www.onspotstory.com\/#\/schema\/logo\/image\/","url":"https:\/\/www.onspotstory.com\/wp-content\/uploads\/2022\/09\/OSMS_logga_utanmost-1.png","contentUrl":"https:\/\/www.onspotstory.com\/wp-content\/uploads\/2022\/09\/OSMS_logga_utanmost-1.png","width":250,"height":60,"caption":"OnSpotStory"},"image":{"@id":"https:\/\/www.onspotstory.com\/#\/schema\/logo\/image\/"},"sameAs":["https:\/\/www.facebook.com\/OnSpotStoryEurope\/","https:\/\/www.instagram.com\/onspotstory_europe\/","https:\/\/www.linkedin.com\/in\/staffangerlow\/","https:\/\/www.youtube.com\/user\/OnSpotStory"]}]}},"_links":{"self":[{"href":"https:\/\/www.onspotstory.com\/index.php\/wp-json\/wp\/v2\/pages\/8182","targetHints":{"allow":["GET"]}}],"collection":[{"href":"https:\/\/www.onspotstory.com\/index.php\/wp-json\/wp\/v2\/pages"}],"about":[{"href":"https:\/\/www.onspotstory.com\/index.php\/wp-json\/wp\/v2\/types\/page"}],"author":[{"embeddable":true,"href":"https:\/\/www.onspotstory.com\/index.php\/wp-json\/wp\/v2\/users\/1"}],"replies":[{"embeddable":true,"href":"https:\/\/www.onspotstory.com\/index.php\/wp-json\/wp\/v2\/comments?post=8182"}],"version-history":[{"count":21,"href":"https:\/\/www.onspotstory.com\/index.php\/wp-json\/wp\/v2\/pages\/8182\/revisions"}],"predecessor-version":[{"id":8506,"href":"https:\/\/www.onspotstory.com\/index.php\/wp-json\/wp\/v2\/pages\/8182\/revisions\/8506"}],"wp:attachment":[{"href":"https:\/\/www.onspotstory.com\/index.php\/wp-json\/wp\/v2\/media?parent=8182"}],"curies":[{"name":"wp","href":"https:\/\/api.w.org\/{rel}","templated":true}]}}