{"id":677,"date":"2017-04-15T20:54:56","date_gmt":"2017-04-15T20:54:56","guid":{"rendered":"http:\/\/wordpress.dev.onspotstory.com\/index.php\/cookie-policy\/"},"modified":"2019-07-09T14:51:47","modified_gmt":"2019-07-09T14:51:47","slug":"privacy-policy","status":"publish","type":"page","link":"https:\/\/www.onspotstory.com\/index.php\/privacy-policy\/","title":{"rendered":"Cookie Policy"},"content":{"rendered":"<div class=\"fusion-fullwidth fullwidth-box fusion-builder-row-1 nonhundred-percent-fullwidth non-hundred-percent-height-scrolling\" style=\"--awb-border-radius-top-left:0px;--awb-border-radius-top-right:0px;--awb-border-radius-bottom-right:0px;--awb-border-radius-bottom-left:0px;--awb-padding-bottom:50px;--awb-flex-wrap:wrap;\" ><div class=\"fusion-builder-row fusion-row\"><div class=\"fusion-layout-column fusion_builder_column fusion-builder-column-0 fusion_builder_column_1_1 1_1 fusion-one-full fusion-column-first fusion-column-last\" style=\"--awb-bg-size:cover;--awb-margin-bottom:0px;\"><div class=\"fusion-column-wrapper fusion-flex-column-wrapper-legacy\"><div class=\"fusion-text fusion-text-1\"><h1><strong>OnSpotStory Privacy Policy<\/strong><\/h1>\n<div class=\"component heading-component\" data-component-type=\"heading\">\n<h4 id=\"what-type-of-information-do-you-collect\" class=\"heading-text\">What type of information do\u00a0we collect?<\/h4>\n<p class=\"heading-text\"><em>We receive, collect and store any information you enter on our website or provide us in any other way. In addition, we collect the Internet protocol (IP) address used to connect your computer to the Internet; login; e-mail address; password; computer and connection information and purchase history. We may use software tools to measure and collect session information, including page response times, length of visits to certain pages, page interaction information, and methods used to browse away from the page. We also collect personally identifiable information (including name, email, password, communications).<\/em><\/p>\n<\/div>\n<div class=\"component text-component\" data-component-type=\"text\"><\/div>\n<div class=\"component heading-component\" data-component-type=\"heading\">\n<h4 id=\"how-do-you-collect-information\" class=\"heading-text\">How do\u00a0we collect information?<\/h4>\n<\/div>\n<div class=\"component text-component\" data-component-type=\"text\">\n<div><em>When you fill out a questionnaire or form on our website, as part of the process, we collect personal information you give us such as your name, address, company and email address. Your personal information will be used for the specific reasons stated in the form\/questionnaire filled out.<\/em><\/div>\n<\/div>\n<div class=\"component text-component\" data-component-type=\"text\"><\/div>\n<div class=\"component heading-component\" data-component-type=\"heading\">\n<h4 id=\"\" class=\"heading-text\">Why do\u00a0we collect such personal information?<\/h4>\n<\/div>\n<div class=\"component text-component\" data-component-type=\"text\">\n<div><em>We collect such Non-personal and Personal Information for the following purposes:<\/em><\/div>\n<\/div>\n<div class=\"component text-component\" data-component-type=\"text\">\n<ol start=\"1\">\n<li><em>To provide and operate the Services;<\/em><\/li>\n<li><em>To provide our Users with ongoing customer assistance and technical support;<\/em><\/li>\n<li><em>To be able to contact our Visitors and Users with general or personalized service-related notices and promotional messages;<\/em><\/li>\n<li><em>To create aggregated statistical data and other aggregated and\/or inferred Non-personal Information, which we or our business partners may use to provide and improve our respective services;\u00a0<\/em><\/li>\n<li><em>To comply with any applicable laws and regulations.<\/em><\/li>\n<\/ol>\n<\/div>\n<div class=\"component heading-component\" data-component-type=\"heading\">\n<h4 id=\"how-do-you-store-use-share-and-disclose-your-site-visitors-personal-information\" class=\"heading-text\">How do\u00a0we store, use, share and disclose our site visitors&#8217; personal information?<\/h4>\n<\/div>\n<div class=\"component text-component\" data-component-type=\"text\"><em>Our company is hosted on the\u00a0OnSpotStory platform. Onspotstory.com provides us with the online platform that allows us to sell our products and provide our services to you. Your data may be stored through Onspotstory.com\u2019s data storage, databases and the general Onspotstory.com web.\u00a0We store your data on secure servers behind a firewall.<\/em><\/div>\n<div class=\"component text-component\" data-component-type=\"text\"><\/div>\n<div class=\"component heading-component\" data-component-type=\"heading\">\n<h4 id=\"how-do-you-communicate-with-your-site-visitors\" class=\"heading-text\">How do\u00a0we communicate with our site visitors?<\/h4>\n<\/div>\n<div class=\"component text-component\" data-component-type=\"text\">\n<div><em>We may contact you to notify you regarding your account, to troubleshoot problems with your account, to resolve a dispute, to collect fees or monies owed, to poll your opinions through surveys or questionnaires, to send updates about our company, or as otherwise necessary to contact you to enforce our User Agreement, applicable national laws, and any agreement we may have with you. For these purposes we may contact you via email, telephone and text message.<\/em><\/div>\n<\/div>\n<div class=\"component text-component\" data-component-type=\"text\"><\/div>\n<div class=\"component heading-component\" data-component-type=\"heading\">\n<h4 id=\"\" class=\"heading-text\">How do\u00a0we use cookies and other tracking tools?<\/h4>\n<p class=\"heading-text\"><em>This site uses cookies &#8211; small text files that are placed on your machine to help the site provide a better user experience. In general, cookies are used to retain user preferences, store information for things like shopping carts, and provide anonymised tracking data to third party applications like Google Analytics. We use Google Analytics, and follow their Cookie Policy, which you can find <a href=\"https:\/\/developers.google.com\/analytics\/devguides\/collection\/analyticsjs\/cookie-usage?hl=en-GB\" target=\"_blank\" rel=\"noopener noreferrer\">here<\/a>. As a rule, cookies will make your browsing experience better. However, you may prefer to disable cookies on this site and on others. The most effective way to do this is to disable cookies in your browser. We suggest consulting the Help section of your browser or taking a look at\u00a0<a href=\"http:\/\/www.aboutcookies.org\" target=\"_blank\" rel=\"noopener noreferrer\">the About Cookies website<\/a>\u00a0which offers guidance for all modern browsers.<\/em><\/p>\n<\/div>\n<div class=\"component heading-component\" data-component-type=\"heading\">\n<h4 id=\"how-can-your-site-visitors-withdraw-their-consent\" class=\"heading-text\">How can our site visitors&#8217; withdraw their consent?<\/h4>\n<\/div>\n<div class=\"component text-component\" data-component-type=\"text\">\n<div><em>If you don\u2019t want us to process your data anymore, please contact us at <a href=\"mailto:info@onspotstory.com\">info@onspotstory.com<\/a>.<\/em><\/div>\n<\/div>\n<div class=\"component text-component\" data-component-type=\"text\"><\/div>\n<div class=\"component heading-component\" data-component-type=\"heading\">\n<h4 id=\"privacy-policy-updates\" class=\"heading-text\">Privacy policy updates<\/h4>\n<\/div>\n<div class=\"component text-component\" data-component-type=\"text\">\n<div><em>We reserve the right to modify this privacy policy at any time, so please review it frequently. Changes and clarifications will take effect immediately upon their posting on the website. If we make material changes to this policy, we will notify you here that it has been updated, so that you are aware of what has information we collect, how we use it, and under what circumstances, if any, we use and\/or disclose it.\u00a0<\/em><\/div>\n<\/div>\n<div class=\"component text-component\" data-component-type=\"text\"><\/div>\n<div class=\"component heading-component\" data-component-type=\"heading\">\n<h4 id=\"questions-and-your-contact-information\" class=\"heading-text\">Questions and your contact information<\/h4>\n<\/div>\n<div class=\"component text-component\" data-component-type=\"text\">\n<div><em>If you would like to: access, correct, amend or delete any personal information we have about you, you are invited to contact us at <a href=\"mailto:info@onspotstory.com\">info@onspotstory.com<\/a>.<\/em><\/div>\n<\/div>\n<\/div><div class=\"fusion-clearfix\"><\/div><\/div><\/div><\/div><\/div>\n","protected":false},"excerpt":{"rendered":"","protected":false},"author":1,"featured_media":0,"parent":0,"menu_order":0,"comment_status":"closed","ping_status":"closed","template":"","meta":{"footnotes":""},"class_list":["post-677","page","type-page","status-publish","hentry"],"yoast_head":"<!-- This site is optimized with the Yoast SEO plugin v24.6 - https:\/\/yoast.com\/wordpress\/plugins\/seo\/ -->\n<title>Privacy Policy for OnSpotStory | What we collect, how and why<\/title>\n<meta name=\"description\" content=\"We receive, collect and store any information you enter on our website or provide us in any other way. This page explains how, why and what in more detail.\" \/>\n<meta name=\"robots\" content=\"index, follow, max-snippet:-1, max-image-preview:large, max-video-preview:-1\" \/>\n<link rel=\"canonical\" href=\"https:\/\/www.onspotstory.com\/index.php\/privacy-policy\/\" \/>\n<meta property=\"og:locale\" content=\"sv_SE\" \/>\n<meta property=\"og:type\" content=\"article\" \/>\n<meta property=\"og:title\" content=\"Privacy Policy for OnSpotStory | What we collect, how and why\" \/>\n<meta property=\"og:description\" content=\"We receive, collect and store any information you enter on our website or provide us in any other way. This page explains how, why and what in more detail.\" \/>\n<meta property=\"og:url\" content=\"https:\/\/www.onspotstory.com\/index.php\/privacy-policy\/\" \/>\n<meta property=\"og:site_name\" content=\"OnSpotStory\" \/>\n<meta property=\"article:publisher\" content=\"https:\/\/www.facebook.com\/OnSpotStoryEurope\/\" \/>\n<meta property=\"article:modified_time\" content=\"2019-07-09T14:51:47+00:00\" \/>\n<meta name=\"twitter:card\" content=\"summary_large_image\" \/>\n<meta name=\"twitter:label1\" content=\"Ber\u00e4knad l\u00e4stid\" \/>\n\t<meta name=\"twitter:data1\" content=\"4 minuter\" \/>\n<script type=\"application\/ld+json\" class=\"yoast-schema-graph\">{\"@context\":\"https:\/\/schema.org\",\"@graph\":[{\"@type\":\"WebPage\",\"@id\":\"https:\/\/www.onspotstory.com\/index.php\/privacy-policy\/\",\"url\":\"https:\/\/www.onspotstory.com\/index.php\/privacy-policy\/\",\"name\":\"Privacy Policy for OnSpotStory | What we collect, how and why\",\"isPartOf\":{\"@id\":\"https:\/\/www.onspotstory.com\/#website\"},\"datePublished\":\"2017-04-15T20:54:56+00:00\",\"dateModified\":\"2019-07-09T14:51:47+00:00\",\"description\":\"We receive, collect and store any information you enter on our website or provide us in any other way. This page explains how, why and what in more detail.\",\"breadcrumb\":{\"@id\":\"https:\/\/www.onspotstory.com\/index.php\/privacy-policy\/#breadcrumb\"},\"inLanguage\":\"sv-SE\",\"potentialAction\":[{\"@type\":\"ReadAction\",\"target\":[\"https:\/\/www.onspotstory.com\/index.php\/privacy-policy\/\"]}]},{\"@type\":\"BreadcrumbList\",\"@id\":\"https:\/\/www.onspotstory.com\/index.php\/privacy-policy\/#breadcrumb\",\"itemListElement\":[{\"@type\":\"ListItem\",\"position\":1,\"name\":\"Hem\",\"item\":\"https:\/\/www.onspotstory.com\/\"},{\"@type\":\"ListItem\",\"position\":2,\"name\":\"Cookie Policy\"}]},{\"@type\":\"WebSite\",\"@id\":\"https:\/\/www.onspotstory.com\/#website\",\"url\":\"https:\/\/www.onspotstory.com\/\",\"name\":\"OnSpotStory\",\"description\":\"Vi utvecklar appar f\u00f6r kommuner, museer och bes\u00f6ksm\u00e5l\",\"publisher\":{\"@id\":\"https:\/\/www.onspotstory.com\/#organization\"},\"potentialAction\":[{\"@type\":\"SearchAction\",\"target\":{\"@type\":\"EntryPoint\",\"urlTemplate\":\"https:\/\/www.onspotstory.com\/?s={search_term_string}\"},\"query-input\":{\"@type\":\"PropertyValueSpecification\",\"valueRequired\":true,\"valueName\":\"search_term_string\"}}],\"inLanguage\":\"sv-SE\"},{\"@type\":\"Organization\",\"@id\":\"https:\/\/www.onspotstory.com\/#organization\",\"name\":\"OnSpotStory\",\"url\":\"https:\/\/www.onspotstory.com\/\",\"logo\":{\"@type\":\"ImageObject\",\"inLanguage\":\"sv-SE\",\"@id\":\"https:\/\/www.onspotstory.com\/#\/schema\/logo\/image\/\",\"url\":\"https:\/\/www.onspotstory.com\/wp-content\/uploads\/2022\/09\/OSMS_logga_utanmost-1.png\",\"contentUrl\":\"https:\/\/www.onspotstory.com\/wp-content\/uploads\/2022\/09\/OSMS_logga_utanmost-1.png\",\"width\":250,\"height\":60,\"caption\":\"OnSpotStory\"},\"image\":{\"@id\":\"https:\/\/www.onspotstory.com\/#\/schema\/logo\/image\/\"},\"sameAs\":[\"https:\/\/www.facebook.com\/OnSpotStoryEurope\/\",\"https:\/\/www.instagram.com\/onspotstory_europe\/\",\"https:\/\/www.linkedin.com\/in\/staffangerlow\/\",\"https:\/\/www.youtube.com\/user\/OnSpotStory\"]}]}<\/script>\n<!-- \/ Yoast SEO plugin. -->","yoast_head_json":{"title":"Privacy Policy for OnSpotStory | What we collect, how and why","description":"We receive, collect and store any information you enter on our website or provide us in any other way. This page explains how, why and what in more detail.","robots":{"index":"index","follow":"follow","max-snippet":"max-snippet:-1","max-image-preview":"max-image-preview:large","max-video-preview":"max-video-preview:-1"},"canonical":"https:\/\/www.onspotstory.com\/index.php\/privacy-policy\/","og_locale":"sv_SE","og_type":"article","og_title":"Privacy Policy for OnSpotStory | What we collect, how and why","og_description":"We receive, collect and store any information you enter on our website or provide us in any other way. This page explains how, why and what in more detail.","og_url":"https:\/\/www.onspotstory.com\/index.php\/privacy-policy\/","og_site_name":"OnSpotStory","article_publisher":"https:\/\/www.facebook.com\/OnSpotStoryEurope\/","article_modified_time":"2019-07-09T14:51:47+00:00","twitter_card":"summary_large_image","twitter_misc":{"Ber\u00e4knad l\u00e4stid":"4 minuter"},"schema":{"@context":"https:\/\/schema.org","@graph":[{"@type":"WebPage","@id":"https:\/\/www.onspotstory.com\/index.php\/privacy-policy\/","url":"https:\/\/www.onspotstory.com\/index.php\/privacy-policy\/","name":"Privacy Policy for OnSpotStory | What we collect, how and why","isPartOf":{"@id":"https:\/\/www.onspotstory.com\/#website"},"datePublished":"2017-04-15T20:54:56+00:00","dateModified":"2019-07-09T14:51:47+00:00","description":"We receive, collect and store any information you enter on our website or provide us in any other way. This page explains how, why and what in more detail.","breadcrumb":{"@id":"https:\/\/www.onspotstory.com\/index.php\/privacy-policy\/#breadcrumb"},"inLanguage":"sv-SE","potentialAction":[{"@type":"ReadAction","target":["https:\/\/www.onspotstory.com\/index.php\/privacy-policy\/"]}]},{"@type":"BreadcrumbList","@id":"https:\/\/www.onspotstory.com\/index.php\/privacy-policy\/#breadcrumb","itemListElement":[{"@type":"ListItem","position":1,"name":"Hem","item":"https:\/\/www.onspotstory.com\/"},{"@type":"ListItem","position":2,"name":"Cookie Policy"}]},{"@type":"WebSite","@id":"https:\/\/www.onspotstory.com\/#website","url":"https:\/\/www.onspotstory.com\/","name":"OnSpotStory","description":"Vi utvecklar appar f\u00f6r kommuner, museer och bes\u00f6ksm\u00e5l","publisher":{"@id":"https:\/\/www.onspotstory.com\/#organization"},"potentialAction":[{"@type":"SearchAction","target":{"@type":"EntryPoint","urlTemplate":"https:\/\/www.onspotstory.com\/?s={search_term_string}"},"query-input":{"@type":"PropertyValueSpecification","valueRequired":true,"valueName":"search_term_string"}}],"inLanguage":"sv-SE"},{"@type":"Organization","@id":"https:\/\/www.onspotstory.com\/#organization","name":"OnSpotStory","url":"https:\/\/www.onspotstory.com\/","logo":{"@type":"ImageObject","inLanguage":"sv-SE","@id":"https:\/\/www.onspotstory.com\/#\/schema\/logo\/image\/","url":"https:\/\/www.onspotstory.com\/wp-content\/uploads\/2022\/09\/OSMS_logga_utanmost-1.png","contentUrl":"https:\/\/www.onspotstory.com\/wp-content\/uploads\/2022\/09\/OSMS_logga_utanmost-1.png","width":250,"height":60,"caption":"OnSpotStory"},"image":{"@id":"https:\/\/www.onspotstory.com\/#\/schema\/logo\/image\/"},"sameAs":["https:\/\/www.facebook.com\/OnSpotStoryEurope\/","https:\/\/www.instagram.com\/onspotstory_europe\/","https:\/\/www.linkedin.com\/in\/staffangerlow\/","https:\/\/www.youtube.com\/user\/OnSpotStory"]}]}},"_links":{"self":[{"href":"https:\/\/www.onspotstory.com\/index.php\/wp-json\/wp\/v2\/pages\/677","targetHints":{"allow":["GET"]}}],"collection":[{"href":"https:\/\/www.onspotstory.com\/index.php\/wp-json\/wp\/v2\/pages"}],"about":[{"href":"https:\/\/www.onspotstory.com\/index.php\/wp-json\/wp\/v2\/types\/page"}],"author":[{"embeddable":true,"href":"https:\/\/www.onspotstory.com\/index.php\/wp-json\/wp\/v2\/users\/1"}],"replies":[{"embeddable":true,"href":"https:\/\/www.onspotstory.com\/index.php\/wp-json\/wp\/v2\/comments?post=677"}],"version-history":[{"count":6,"href":"https:\/\/www.onspotstory.com\/index.php\/wp-json\/wp\/v2\/pages\/677\/revisions"}],"predecessor-version":[{"id":5135,"href":"https:\/\/www.onspotstory.com\/index.php\/wp-json\/wp\/v2\/pages\/677\/revisions\/5135"}],"wp:attachment":[{"href":"https:\/\/www.onspotstory.com\/index.php\/wp-json\/wp\/v2\/media?parent=677"}],"curies":[{"name":"wp","href":"https:\/\/api.w.org\/{rel}","templated":true}]}}